emainder when 493 is divided by 242?
9
Calculate the remainder when 681 is divided by 6.
3
Calculate the remainder when 292 is divided by 47.
10
What is the remainder when 225 is divided by 68?
21
What is the remainder when 1966 is divided by 41?
39
Calculate the remainder when 1923 is divided by 102.
87
Calculate the remainder when 2189 is divided by 61.
54
Calculate the remainder when 1226 is divided by 4.
2
What is the remainder when 20173 is divided by 208?
205
What is the remainder when 4956 is divided by 826?
0
Calculate the remainder when 1156 is divided by 41.
8
What is the remainder when 199 is divided by 106?
93
Calculate the remainder when 184 is divided by 17.
14
What is the remainder when 12997 is divided by 125?
122
Calculate the remainder when 27 is divided by 3.
0
Calculate the remainder when 101 is divided by 54.
47
Calculate the remainder when 114 is divided by 10.
4
What is the remainder when 266 is divided by 120?
26
Calculate the remainder when 120 is divided by 39.
3
Calculate the remainder when 105 is divided by 24.
9
What is the remainder when 248 is divided by 24?
8
Calculate the remainder when 128 is divided by 69.
59
What is the remainder when 142 is divided by 40?
22
Calculate the remainder when 676 is divided by 267.
142
Calculate the remainder when 2412 is divided by 662.
426
Calculate the remainder when 8358 is divided by 10.
8
Calculate the remainder when 318 is divided by 70.
38
What is the remainder when 1629 is divided by 96?
93
Calculate the remainder when 409 is divided by 32.
25
Calculate the remainder when 141 is divided by 20.
1
Calculate the remainder when 559 is divided by 140.
139
What is the remainder when 394 is divided by 26?
4
What is the remainder when 277 is divided by 84?
25
What is the remainder when 3602 is divided by 19?
11
What is the remainder when 275 is divided by 196?
79
What is the remainder when 9330 is divided by 2332?
2
What is the remainder when 68 is divided by 18?
14
Calculate the remainder when 291 is divided by 196.
95
Calculate the remainder when 299 is divided by 35.
19
What is the remainder when 2551 is divided by 87?
28
Calculate the remainder when 611 is divided by 53.
28
Calculate the remainder when 818 is divided by 165.
158
What is the remainder when 2934 is divided by 267?
264
Calculate the remainder when 577 is divided by 190.
7
What is the remainder when 460 is divided by 42?
40
What is the remainder when 86 is divided by 11?
9
What is the remainder when 256 is divided by 54?
40
What is the remainder when 7518 is divided by 94?
92
What is the remainder when 25065 is divided by 4?
1
Calculate the remainder when 28 is divided by 15.
13
Calculate the remainder when 120 is divided by 12.
0
What is the remainder when 755 is divided by 151?
0
What is the remainder when 470 is divided by 14?
8
What is the remainder when 611 is divided by 76?
3
What is the remainder when 21053 is divided by 32?
29
What is the remainder when 432 is divided by 55?
47
What is the remainder when 11270 is divided by 179?
172
What is the remainder when 397 is divided by 23?
6
What is the remainder when 1907 is divided by 36?
35
Calculate the remainder when 79 is divided by 23.
10
Calculate the remainder when 252 is divided by 103.
46
Calculate the remainder when 195 is divided by 68.
59
What is the remainder when 118 is divided by 14?
6
Calculate the remainder when 344 is divided by 141.
62
What is the remainder when 38 is divided by 3?
2
What is the remainder when 2218 is divided by 7?
6
Calculate the remainder when 1045 is divided by 87.
1
Calculate the remainder when 2695 is divided by 667.
27
Calculate the remainder when 8797 is divided by 275.
272
What is the remainder when 230 is divided by 64?
38
What is the remainder when 860 is divided by 496?
364
What is the remainder when 33 is divided by 10?
3
What is the remainder when 335 is divided by 42?
41
Calculate the remainder when 272 is divided by 92.
88
What is the remainder when 402 is divided by 50?
2
What is the remainder when 2726 is divided by 50?
26
Calculate the remainder when 259 is divided by 10.
9
Calculate the remainder when 105 is divided by 16.
9
Calculate the remainder when 115 is divided by 9.
7
What is the remainder when 872 is divided by 7?
4
What is the remainder when 38 is divided by 11?
5
Calculate the remainder when 1178 is divided by 114.
38
Calculate the remainder when 1197 is divided by 4.
1
What is the remainder when 3667 is divided by 609?
13
Calculate the remainder when 1492 is divided by 44.
40
What is the remainder when 13453 is divided by 16?
13
Calculate the remainder when 322 is divided by 13.
10
What is the remainder when 724 is divided by 66?
64
Calculate the remainder when 453 is divided by 38.
35
Calculate the remainder when 1318 is divided by 8.
6
What is the remainder when 292 is divided by 14?
12
What is the remainder when 933 is divided by 19?
2
What is the remainder when 950 is divided by 28?
26
Calculate the remainder when 25969 is divided by 10.
9
Calculate the remainder when 256 is divided by 98.
60
What is the remainder when 573 is divided by 162?
87
Calculate the remainder when 1490 is divided by 13.
8
What is the remainder when 4001 is divided by 1332?
5
Calculate the remainder when 954 is divided by 235.
14
What is the remainder when 132 is divided by 67?
65
Calculate the remainder when 67 is divided by 11.
1
Calculate the remainder when 907 is divided by 61.
53
What is the remainder when 139 is divided by 29?
23
What is the remainder when 312 is divided by 149?
14
What is the remainder when 328 is divided by 37?
32
What is the remainder when 815 is divided by 347?
121
What is the remainder when 140 is divided by 64?
12
Calculate the remainder when 151 is divided by 147.
4
Calculate the remainder when 91 is divided by 5.
1
What is the remainder when 1265 is divided by 19?
11
What is the remainder when 1751 is divided by 557?
80
Calculate the remainder when 38 is divided by 10.
8
Calculate the remainder when 23 is divided by 6.
5
Calculate the remainder when 346 is divided by 89.
79
Calculate the remainder when 203 is divided by 34.
33
Calculate the remainder when 617 is divided by 23.
19
What is the remainder when 4749 is divided by 36?
33
Calculate the remainder when 69 is divided by 12.
9
What is the remainder when 538 is divided by 49?
48
What is the remainder when 41 is divided by 8?
1
What is the remainder when 403 is divided by 379?
24
What is the remainder when 70 is divided by 41?
29
What is the remainder when 53 is divided by 14?
11
Calculate the remainder when 145 is divided by 18.
1
Calculate the remainder when 755 is divided by 58.
1
Calculate the remainder when 919 is divided by 23.
22
Calculate the remainder when 322 is divided by 48.
34
What is the remainder when 4938 is divided by 38?
36
What is the remainder when 237 is divided by 113?
11
Calculate the remainder when 183 is divided by 59.
6
Calculate the remainder when 444 is divided by 33.
15
Calculate the remainder when 2308 is divided by 27.
13
Calculate the remainder when 28649 is divided by 19.
16
Calculate the remainder when 974 is divided by 91.
64
What is the remainder when 246 is divided by 63?
57
What is the remainder when 11625 is divided by 228?
225
What is the remainder when 387 is divided by 45?
27
Calculate the remainder when 6 is divided by 4.
2
Calculate the remainder when 3575 is divided by 15.
5
What is the remainder when 367 is divided by 165?
37
Calculate the remainder when 1172 is divided by 23.
22
What is the remainder when 2068 is divided by 412?
8
Calculate the remainder when 4828 is divided by 14.
12
Calculate the remainder when 739 is divided by 37.
36
What is the remainder when 58 is divided by 16?
10
What is the remainder when 378 is divided by 26?
14
Calculate the remainder when 231 is divided by 10.
1
What is the remainder when 515 is divided by 42?
11
What is the remainder when 177 is divided by 27?
15
What is the remainder when 127 is divided by 64?
63
What is the remainder when 594 is divided by 268?
58
Calculate the remainder when 3714 is divided by 11.
7
What is the remainder when 499 is divided by 141?
76
Calculate the remainder when 145 is divided by 137.
8
What is the remainder when 1